. Suppose s = 3*f, 4*f = 5*f. Suppose 0*w + 6 = 3*w, s = 5*u + 2*w - 29. Let v(a) = u*r(a) + 7*p(a). What is v(-3)?
3
Let h(w) = -w**2 - w - 1. Let n(p) = 4*p + 1 + 2*p - 3*p. Let k be n(-4). Let d be (-24)/k + (-8)/44. Calculate h(d).
-7
Suppose -4*i - 5*o + 18 = -3*o, 5*o = 15. Let k(v) = -v**3 + 2*v**2 + v - 3. Determine k(i).
-9
Suppose 3 = x - 0*x + 4*h, -2*x - 1 = h. Suppose -i + 3 = 0, -k - 2*i + 3 = 2*k. Let l = x + k. Let v(y) = -2*y + 1. What is v(l)?
5
Let b(j) = 5*j - 3*j + 6 + j. Let d(x) = 3*x**2 + 28*x + 28. Let v be d(-8). Determine b(v).
-6
Let n(t) = t**3 - 3*t**2 + 2*t + 1. Suppose 4*a = -8 - 16. Let z = a - -8. Give n(z).
1
Let j(m) = -7*m + 1. Let r be 0/((-4)/1) - -5. Let l = r + -4. Determine j(l).
-6
Suppose -5*m + 3*y + 6 = 0, 3*m - 21 = -3*y - y. Let o(x) = x**2 - x. Calculate o(m).
6
Suppose 0*v + 10 = 2*v + 4*i, 0 = 2*v - 3*i - 10. Let j(m) be the second derivative of 1/6*m**3 - 1/2*m**2 + m + 0. Determine j(v).
4
Let f(r) = 7*r - 15. Let h(y) = 8*y - 15. Let j(m) = 7*f(m) - 6*h(m). Let o be j(12). Let z(p) = 2*p**2 + 4*p. Calculate z(o).
6
Let u(c) = -c**2 + 9*c - 5. Let i(t) = -2*t**2 + 19*t - 11. Let x(p) = -2*i(p) + 5*u(p). Suppose 40 = 5*k - 2*v, 5*v = -5*k - 1 + 6. Calculate x(k).
3
Suppose -3*a + a + 4 = 0. Suppose a - 5 = -w. Suppose -w*p - 2 = 1. Let t(q) = -4*q**3 - q**2 - q - 1. Give t(p).
3
Suppose 66 = 3*p - d, 5*p - 4*d - 107 = 3. Suppose 3*h - p = 4*m, -h + 2*m + m + 14 = 0. Let c(r) = 1 - r**3 + 6*r**2 + 0 - 6 - h*r**2 + 2*r. Calculate c(4).
3
Let s(d) be the first derivative of -d**2/2 - 5*d + 5. Determine s(0).
-5
Let m(r) be the first derivative of -r**3/6 - r**2/2 + 3*r + 2. Let z(y) be the first derivative of m(y). Let t(s) = s**2 + 8*s - 6. Let n be t(-9). Give z(n).
-4
Suppose -2*v + 5*v - 24 = -3*u, 3*u + 4 = 4*v. Let r(a) = -a**2 + 3*a + 1. Calculate r(v).
-3
Let r(h) = -h**3 + 5*h**2 - 5*h + 6. Let u(a) = -a - 11. Let v be u(-15). Calculate r(v).
2
Suppose -g - i = -1 + 5, -5*g + 5*i - 40 = 0. Let d(x) = -x**2 - 8*x - 5. Determine d(g).
7
Let o be 14/2 - (1 + -2). Let r be (-6)/4*(-2)/(-1). Let h = r + o. Let l(c) = c - 2. Determine l(h).
3
Let v(a) = -a**3 - 3*a**2 + 5*a - 3. Suppose 8 = -2*h - 0*h. Calculate v(h).
-7
Let o be ((-4)/1 + 5)*11. Let t(r) = o - 9 + 1 - 4 + 4*r. Calculate t(1).
3
Let j(u) be the third derivative of -2/3*u**3 + 0 + 1/24*u**4 - 1/60*u**5 + 0*u + 4*u**2. Calculate j(0).
-4
Let d(o) = -o**2 + o - 1. Suppose -n = 4*f + 19, -2*f = 5*n - 3*f - 10. Determine d(n).
-1
Let c(b) = 6*b - 13. Let h(y) = y - 2. Let u(l) = -6*c(l) + 39*h(l). Let p be 3 + -2 + 3*-1. Let o(a) = a. Let m(r) = p*o(r) + u(r). What is m(1)?
1
Let y(m) be the third derivative of -11*m**4/24 + m**3/6 - 13*m**2. Give y(-1).
12
Let p(n) = -5*n + 1. Let j(m) = -m - 13. Let v be j(-14). Give p(v).
-4
Let r(m) = 2*m - 2. Let g be (5 + -5)/(0 - -1). Let o be r(g). Let c(l) = -2*l**2 - 1. Give c(o).
-9
Suppose 3*u - 5*d - 30 = 0, -u = u - 5*d - 25. Let h = 10 - u. Let m(q) = -5 + 5*q - 4*q + 2. What is m(h)?
2
Let w = 41 + -36. Let i(s) be the third derivative of 1/12*s**w + 1/8*s**4 + 0 + 1/120*s**6 + 0*s + s**2 - 1/3*s**3. Determine i(-4).
2
Let r(h) = -h - 3. Let f be -3*5/(-30)*-8. Calculate r(f).
1
Let o be 5/4*(2 - 10). Let p = 14 + o. Let c(v) = -2*v + p*v - 2*v**2 + 0*v**2 - v**3 - 4. Determine c(-3).
-1
Let t(q) = q**2 + 16 - 20 - q + 2*q. Let y = 0 + 0. Suppose 2*l + l = y. Determine t(l).
-4
Let g(b) be the third derivative of b**5/60 + b**4/8 - b**3/6 + 6*b**2. Determine g(-4).
3
Let u(m) = -13 - 8*m + 7 - 3*m**3 + 4*m**3 + m**2 + 4*m**2. Calculate u(-6).
6
Let o(i) = 2*i - 5. Let x be o(4). Let j(a) = 7*a - 6*a**2 - 2 - a + 2*a**2 + 3*a**2. Let b(y) = -y**2 + 5*y - 2. Let g(m) = -4*b(m) + 3*j(m). What is g(x)?
5
Suppose 4*b = -2*l + 24, -4*l + 5*b - 4 = 13. Let p(u) be the second derivative of u**5/20 - 5*u**4/12 + u**3/3 - 3*u**2/2 + 11*u. Give p(l).
-11
Let c(k) = 2*k**3 - 3*k**3 - 1 + 3*k**3 + k + k**2. Let j(w) = w + 5. Let s be j(-4). Let i be c(s). Let m(a) = a - 2. Calculate m(i).
1
Suppose 8 = -5*q - 3*y - 2, -4*q + y = 25. Let l(a) = -a**2 - 2*a + 5. Determine l(q).
-10
Let z be 4 + (-2 - -5 - 1). Let k(i) = z - 5 + i**2 - 2. Let b = 5 - 2. What is k(b)?
8
Let k(v) = v**2 - 2*v - 1. Suppose 0 = 8*f - 9*f + 2. Calculate k(f).
-1
Let t be (4/10)/((-3)/(-90)). Suppose -i = t - 3. Let u = i + 4. Let m(f) = f + 9. Calculate m(u).
4
Let a(c) = -c - 5. Suppose -2*d = -3*k - 1, -k = -4*d + 6 - 19. Give a(d).
-1
Let k(l) = -7*l. Let z(y) = 3*y. Let p(o) = 2*k(o) + 5*z(o). Determine p(6).
6
Let v(c) = 15*c + 1. Suppose 0 = 71*x - 76*x - 5. What is v(x)?
-14
Suppose -13 - 51 = 8*h. Let q(c) = c**3 + 8*c**2 - c - 1. Calculate q(h).
7
Let r(w) be the third derivative of 1/8*w**4 + 1/3*w**3 - 2*w**2 + 0*w + 0. What is r(-2)?
-4
Let l(m) be the first derivative of -5*m**2/2 + 14. Let p(n) = n**3 - 7*n**2 - 7*n - 7. Let a be p(8). Let j be -1*1 - (a - 3). What is l(j)?
-5
Let n(m) = 2*m - 12. Let k(d) = -9*d**3 - 2*d**2 + 1. Let c be k(-1). Calculate n(c).
4
Suppose -3*u + 6 = -18. Suppose 12*y + u = 8*y. Let n(p) = 4*p + 2. Give n(y).
-6
Let h be 6 + (-2)/(-1) + -6. Let d(s) be the second derivative of -3*s**2 + 1/6*s**3 + h*s + 0. Calculate d(0).
-6
Let c(r) = -r**2 + 6*r + 1. Let t(d) = -2*d**2 + 7*d + 1. Let g(v) = -3*c(v) + 2*t(v). Determine g(-3).
2
Let o be (-2 + (-22)/(-8))*8. Suppose -4*p + 5*p - 10 = -4*l, 6 = 3*l. Let h(j) = -o - p*j + 2 + 2. Determine h(2).
-6
Let n(g) = g**2 + 4*g + 2. Let k(s) = -4*s + 17. Let h(m) = -m + 4. Let r(w) = -18*h(w) + 4*k(w). Let z be r(0). Give n(z).
2
Let j(y) = y**2 - 6*y + 4. Suppose 3*h - 2 = 4. Suppose -1 = -2*c - 7, h*g - 2*c - 18 = 0. Determine j(g).
4
Let i(u) be the third derivative of u**5/60 + 3*u**4/8 + 3*u**3/2 + u**2. Let f = -295 + 288. What is i(f)?
-5
Let h(c) = c - 6. Suppose 2*z + 2*z = 20. Determine h(z).
-1
Let d = -29 + 43. Suppose 9*c = d*c. Let x(y) = y**2 - 3. Give x(c).
-3
Suppose -5*i + 30 = -4*l, -18 = -2*i + 3*i + 4*l. Let u = 0 + i. Let w(h) = 2*h**2 - 4*h + 3*h + 3*h**u. Calculate w(-1).
6
Let a(u) = 1. Let f(d) = -d - 5. Let q(i) = -5*a(i) - f(i). Let c be (10 - 2)*(-3)/6. Let r be q(c). Let l(g) = -g + 1. What is l(r)?
5
Let b be (3 + -3)*1*-1. Suppose -y - 1 = -b*y + f, -5*f = y + 13. Let d(a) = -2*a**2 + a - 2. What is d(y)?
-8
Let c(f) be the second derivative of -10*f + 3/2*f**2 - 1/6*f**3 + 0. Let b(v) = -2*v**2 + 2*v + 1. Let d be b(-1). Determine c(d).
6
Let h(x) = -2*x - 2. Suppose -8 = -k + 5*k. Let c be k*2/(-4)*-3. Determine h(c).
4
Let f be (-14 - -7 - -6)/(1 - 2). Let n(u) = -9*u. What is n(f)?
-9
Let o(u) = 1. Let d(t) = t + 1. Let w(i) = -d(i) + 4*o(i). Suppose g + 116 = -3*g. Let f = -32 - g. Calculate w(f).
6
Let n = -2 + -6. Let v = -6 - n. Let j(w) = -3*w + 1. Calculate j(v).
-5
Let t(r) = r - 4. Let a be 28/(-3)*24/(-28). Calculate t(a).
4
Let d(z) = z - 2 + 5 - 1 + 3*z**3 + z**2 - 4*z**3. Give d(0).
2
Let j(d) = -d**2 - 4*d - 2. Let w be j(-2). Let f(n) be the third derivative of -n**6/120 + n**5/30 + n**4/12 - n**3/3 - 15*n**2. Determine f(w).
2
Let p = 0 - -2. Let n be p*((-2)/4 + 1). Let o(h) be the third derivative of -h**4/24 + h**3/3 - h**2. Give o(n).
1
Let v = 14 - 18. Let w(m) = 0*m**2 - 4*m**2 + 0 - m**3 + 2*m + 1. What is w(v)?
-7
Let d(y) = y**3 - y**2 - 3. Let h = 136 + -136. Give d(h).
-3
Let c(m) = m**3 - 11*m**2 - 5*m - 2. Let o(s) = 3*s**3 - 32*s**2 - 14*s - 5. Let r(b) = 11*c(b) - 4*o(b). What is r(7)?
5
Let y = 9 + -7. Let f(j) = -j**y + 10 - 9 - j + j. Determine f(1).
0
Let t(z) = -z**2 + 4*z + 2. Let y(i) = i**2 + 18*i + 20. Let f be y(-17). Determine t(f).
5
Let i(u) = -u**2 + 3. Let a be 8/(-12) - (-10)/6. Suppose -q + 3 = a. Suppose 7 = q*p + 1. Give i(p).
-6
Let c(a) = 2*a + 15. Let m(q) = -q - 8. Let f(n) = 3*c(n) + 5*m(n). What is f(-5)?
0
Let x(u) = -2 + 3 - 2 + 7*u**2. Suppose 0 = -41*b + 42*b - 1. Give x(b).
6
Suppose -117*o - 9 = -120*o. Let j(f) = -f**2 + 5*f + 2. Give j(o).
8
Let q(s) = 6 + 0 - 5 - 2*s + 3*s. Determine q(-7).
-6
Let r = -68 + 67. Let n(t) = -9*t. What is n(r)?
9
Let n(z) = -z + 5 - 1 + 1. Let i = 1 - -1. Suppose -g - i*g = 0. Calculate n(g).
5
Let x(j) = 5*j - 8*j + 2*j. Let r(u) = 3*u**2 - 2*u. Let g be r(-1). Give x(g).
-5
Let m(k) = -k**2 - 9*k - 